 4722.
4722
Calculate the highest common divisor of 635805 and 304803.
639
What is the greatest common factor of 4416 and 4878576?
1104
Calculate the highest common divisor of 7053 and 48388282.
2351
Calculate the highest common divisor of 25843 and 12384.
43
Calculate the greatest common factor of 138 and 141207442.
46
What is the highest common divisor of 3318 and 133504707?
1659
Calculate the greatest common factor of 40410896 and 32.
16
Calculate the highest common factor of 12338 and 344867.
199
What is the highest common factor of 198132 and 8477876?
836
Calculate the highest common factor of 1331370 and 20.
10
Calculate the greatest common divisor of 13932435 and 81345.
2805
Calculate the highest common divisor of 3041571 and 514527.
6513
What is the highest common divisor of 14404195 and 30?
5
What is the greatest common factor of 3876 and 12615411?
969
What is the greatest common divisor of 685531 and 3070?
307
What is the greatest common factor of 1317 and 1056327?
3
Calculate the highest common factor of 50443061 and 12315.
821
Calculate the highest common factor of 805739840 and 1064.
152
What is the greatest common factor of 45 and 4905690?
15
What is the highest common factor of 31285304 and 1355801?
7837
What is the greatest common divisor of 297681 and 26?
1
What is the highest common divisor of 407160 and 251720?
1160
Calculate the highest common factor of 112681272 and 924.
132
Calculate the highest common factor of 725 and 1966225.
25
Calculate the greatest common factor of 4497892679 and 259.
259
What is the highest common factor of 25506851 and 578?
289
What is the greatest common divisor of 2310 and 369878670?
210
What is the highest common factor of 64768 and 63232?
256
What is the greatest common divisor of 1152919 and 354?
59
Calculate the greatest common factor of 2392079 and 4607681.
1483
What is the greatest common factor of 765 and 22057092?
153
Calculate the highest common factor of 112 and 15301874.
14
What is the highest common factor of 10641 and 3439947993?
10641
Calculate the greatest common divisor of 1628 and 8087460.
148
Calculate the greatest common divisor of 3657 and 61145040.
3657
Calculate the highest common divisor of 20042 and 33.
11
Calculate the highest common factor of 87813041 and 323.
323
Calculate the greatest common divisor of 138 and 4532610.
138
What is the highest common divisor of 201 and 1509301362?
201
Calculate the greatest common divisor of 140 and 645078.
14
What is the highest common divisor of 12013624 and 38?
38
What is the greatest common divisor of 30545 and 281670?
205
What is the greatest common factor of 6 and 124469892?
6
Calculate the highest common divisor of 81291626 and 5044.
2522
Calculate the highest common factor of 119 and 7321097.
7
What is the greatest common divisor of 1205 and 52?
1
What is the highest common divisor of 46979 and 11674066?
431
Calculate the greatest common divisor of 91 and 92494233.
13
What is the greatest common factor of 44352756 and 189?
63
What is the highest common factor of 55155184 and 980?
196
Calculate the greatest common divisor of 43824 and 425624.
664
What is the highest common factor of 24580195 and 73?
73
What is the highest common divisor of 2272 and 59872?
32
What is the greatest common divisor of 8702 and 1164206?
38
Calculate the greatest common factor of 68 and 133286324.
68
What is the highest common factor of 13017472 and 676?
52
Calculate the greatest common factor of 26 and 9790898.
26
What is the highest common factor of 51267168 and 2736?
2736
What is the greatest common divisor of 13695860 and 2220?
20
Calculate the greatest common factor of 88704 and 594.
198
Calculate the highest common factor of 1237107 and 17.
17
What is the highest common divisor of 638 and 1810374445?
319
What is the greatest common divisor of 468 and 45890?
26
Calculate the highest common factor of 26901880 and 40.
40
Calculate the greatest common factor of 52825 and 14600.
25
What is the greatest common divisor of 135932550 and 1560?
390
What is the highest common factor of 60012 and 172692?
36
Calculate the highest common factor of 1053294 and 198.
66
Calculate the greatest common divisor of 187110 and 45357165.
8505
Calculate the highest common factor of 3440 and 340240.
80
Calculate the greatest common factor of 884176 and 6278.
146
What is the highest common factor of 1625 and 102408475?
325
Calculate the highest common factor of 6063466 and 1048.
262
What is the greatest common divisor of 446043 and 17121?
39
What is the greatest common divisor of 1596 and 55317892?
532
Calculate the highest common factor of 44 and 891979.
11
Calculate the highest common factor of 1419 and 1273488.
129
What is the greatest common divisor of 1891247 and 1441?
131
What is the greatest common divisor of 188 and 23617876?
188
What is the highest common factor of 6792 and 509016?
24
What is the highest common factor of 1558244 and 28?
4
What is the greatest common divisor of 29 and 39516589?
29
Calculate the highest common factor of 3012 and 73614284.
1004
Calculate the greatest common divisor of 123 and 150315307.
41
Calculate the greatest common factor of 115921 and 4144.
37
What is the greatest common divisor of 16176 and 579504?
48
Calculate the greatest common divisor of 22 and 1678226.
22
What is the highest common factor of 322 and 28462063?
161
Calculate the greatest common divisor of 508631 and 41586.
29
What is the highest common factor of 2479362 and 979?
89
Calculate the greatest common factor of 104200 and 21160.
40
Calculate the greatest common factor of 6164 and 403147174.
3082
What is the highest common factor of 676436 and 181733?
263
What is the greatest common divisor of 14188119 and 33?
33
Calculate the highest common divisor of 209442155 and 585.
65
What is the greatest common divisor of 632 and 25030044?
316
Calculate the highest common divisor of 1755837 and 3371796.
3681
Calculate the greatest common divisor of 300 and 72529125.
75
What is the greatest common factor of 348 and 14548?
4
What is the highest common factor of 55019 and 159544?
37
What is the greatest common factor of 195 and 87443733?
39
Calculate the greatest common divisor of 1459435545 and 15.
15
Calculate the highest common divisor of 114449091 and 1082.
541
Calculate the highest common divisor of 154990677 and 1605.
321
What is the greatest common divisor of 17127 and 262944?
99
What is the greatest common factor of 227332 and 20216?
28
Calculate the greatest common divisor of 457980606 and 4194.
4194
What is the greatest common factor of 78675548 and 10304?
644
Calculate the greatest common divisor of 19 and 44304789.
19
Calculate the greatest common factor of 63 and 27046395.
9
Calculate the greatest common factor of 254087 and 51756.
19
Calculate the greatest common divisor of 154237850 and 12675.
4225
Calculate the greatest common factor of 203 and 408259332.
29
What is the highest common divisor of 3981759 and 498?
249
Calculate the highest common divisor of 366 and 3252385251.
183
Calculate the greatest common divisor of 524784 and 563238.
2262
Calculate the highest common divisor of 7904 and 1396044.
988
What is the greatest common factor of 2175 and 249455970?
435
Calculate the greatest common factor of 64396 and 6723700.
3788
Calculate the highest common divisor of 466753 and 1303057.
917
Calculate the greatest common factor of 1664 and 15883608.
104
What is the highest common factor of 129 and 1589871?
3
What is the highest common factor of 70644 and 4659981?
2523
Calculate the highest common factor of 26778916 and 186.
62
What is the highest common factor of 4189 and 333763?
59
What is the greatest common factor of 2873496 and 175272?
1608
Calculate the highest common divisor of 2736336 and 528.
48
What is the highest common divisor of 23960241 and 31?
31
Calculate the highest common divisor of 1055 and 475005.
5
What is the highest common divisor of 308272713 and 1785?
357
Calculate the greatest common divisor of 12692 and 53713.
19
What is the greatest common factor of 27448 and 552829?
73
What is the greatest common factor of 936436 and 97272?
772
What is the greatest common factor of 18192877 and 665353?
3937
Calculate the highest common factor of 101